 factor of j and 10?
10
Suppose -37*l - 2*t - 16 = -39*l, 5*l + t - 58 = 0. Let d(a) = a + 4. Suppose 2*v = 5*v - 21. Let o be d(v). What is the highest common factor of l and o?
11
Suppose 0 = -4*i - 3*j - 174, 3*j = -5*i + 2*j - 212. Let a = 76 + i. Let d = 1222 - 848. Calculate the greatest common divisor of d and a.
34
Suppose 3*f + 5*n - 42 = 2*f, 5*f = n + 184. Let q(m) = m**3 - 36*m**2 - 30*m - 136. Let d be q(f). What is the greatest common divisor of 3 and d?
3
Suppose -29*u = -2*x - 27*u + 68, 3*x = -u + 98. Suppose v + 0 + 3 = 0. Let w be (v - (1 + -15))*1. What is the highest common divisor of x and w?
11
Let p(d) = d**2 - 121*d - 1508. Let c be p(-12). What is the highest common factor of c and 56?
8
Let r(c) = 7*c**2 - 66*c - 20. Let w be r(10). Let m = -27 + 13. Let q be (-2090)/(-35) - 4/m. What is the greatest common factor of q and w?
20
Let y be 4470/18 - ((-3)/(-1))/9. What is the highest common divisor of 279 and y?
31
Suppose -4*k - 43 = -55. Let u be (k/(-2))/((-2)/60). What is the highest common factor of u and 180?
45
Let a = 278 - 168. Suppose -264*g = -150*g - 4560. Calculate the greatest common factor of a and g.
10
Let r be 27856/120 + -2*(-3)/(-45). Calculate the highest common factor of 319 and r.
29
Let r = -44 - -46. Suppose 5*z - 5 = u, -45 = -3*u + r*u - 5*z. Calculate the highest common divisor of 8 and u.
4
Suppose -p = 4*r - 7*r - 1111, 4388 = 4*p - 4*r. What is the greatest common factor of 50 and p?
10
Suppose 107*y = 109*y + 159 - 639. Suppose 0 = -3*w - i - i + 35, -w + 40 = -5*i. What is the greatest common factor of y and w?
15
Let y(j) = j**2 + 11*j - 14. Let g be -5 + ((-296)/(-28) - (-16)/(-28)). Let h be y(g). What is the highest common factor of 231 and h?
33
Let d(b) = 4*b**3 - 16*b**2 - 7*b + 10. Let t be d(7). Let u = t - 489. What is the highest common factor of 36 and u?
12
Let j(g) = -g**2 - 21*g + 327. Let q be j(6). Suppose -251 + 53 = -3*b. What is the greatest common factor of q and b?
33
Let r be (-6136)/(-10) + (-2)/(-5). Suppose -r = -2*h + 144. Let i be h/4 - (-5)/20. Calculate the highest common divisor of 19 and i.
19
Let g(i) be the first derivative of 15*i + 29 - 15/2*i**2. Let f be g(-3). Calculate the highest common factor of f and 45.
15
Let x(g) = 52*g**2 - g - 2. Let u be x(-2). Suppose 16 = -4*p, 75*v - 70*v - 142 = 3*p. Calculate the highest common factor of v and u.
26
Suppose -5933 = -9*o + 7189. Calculate the highest common factor of 90 and o.
18
Let c = 675 - 252. Suppose -4*b + c = 4*g - 2945, -5*b = 4*g - 3364. Calculate the highest common divisor of g and 18.
18
Let z be -73 - 0 - (-11 - -18). Suppose d + 83 = -2*y - 0*d, 2*y + 4*d = -98. Let c be (-3 - y)*z/(-12). What is the greatest common factor of 12 and c?
12
Suppose 5*f + 5*x = -5, -2*x + 3*x - 11 = -4*f. Suppose -4*q = 23 - 7, -932 = -f*i + 3*q. Calculate the greatest common divisor of 20 and i.
10
Suppose 260*k - 255*k = -5*g + 330, 4*k = 3*g + 222. Calculate the highest common divisor of k and 52.
4
Let h(a) = -3*a**3 - 8*a**2 + a + 9. Let j be h(-3). Suppose 11*z + 60 = j*z. Calculate the greatest common divisor of 105 and z.
15
Suppose -257*h + 7039 - 639 = -207*h. Let i be 49 - (-1)/((-1)/1). Calculate the greatest common divisor of i and h.
16
Let v = 37 - 16. Suppose -v = -15*i + 9. Let o be i - (1 - 1)/(-4). What is the highest common divisor of o and 3?
1
Let f be (-5)/(3/(-1536)*6/9). Calculate the highest common factor of f and 360.
120
Suppose 2*j + 6 = 0, -5*p - 3*j + 3381 = -5*j. Suppose 0 = 7*f - p + 101. Calculate the greatest common divisor of 123 and f.
41
Let t be (-24)/3 + 13 + 13051. What is the greatest common factor of t and 102?
102
Let l = 1947 - 1817. Calculate the highest common factor of l and 3926.
26
Let o = -4871 - -4950. What is the greatest common divisor of o and 11771?
79
Suppose -5*s - 35 = -50. Let n be (54/(-5))/(s/(-120)). Suppose 2*w + 4*w = n. Calculate the greatest common divisor of 16 and w.
8
Let o = -7725 - -8265. Calculate the highest common factor of o and 128.
4
Let t be 55738/62 - (32/4 - -2). Calculate the greatest common factor of 1651 and t.
127
Let a = -10 - 0. Suppose -3*z + 3*k + 240 = 0, 5*z - 2*z + 4*k - 205 = 0. Let t = a + z. Calculate the greatest common factor of 5 and t.
5
Let z(i) = -8*i + 19. Let w be z(3). Let y be (-1432)/w - 30/(-50). What is the highest common divisor of y and 41?
41
Let i be -8 - -13 - 9*2. Let c(z) = -z + 162. Let g be c(i). Calculate the greatest common factor of 75 and g.
25
Let v be -4 + 22 + 1 + 3. Suppose w = 2*f - 1150, -23*f + w = -25*f + 1138. What is the greatest common factor of v and f?
22
Let a = -29 + 44. Suppose w = 5*n - 980, n - 6*n + 2*w + 985 = 0. Calculate the highest common divisor of a and n.
15
Let d be 17/((-170)/(-20)) - 34*118/(-4). What is the highest common divisor of 15 and d?
15
Let q(l) = -26 + l + 4*l + 6 - 13*l. Let m be q(-3). Suppose -4*w - 4*i = -92, w + 0*i = 4*i + 8. Calculate the highest common factor of m and w.
4
Suppose -190*m = -189*m - p - 742, 0 = 3*m + 3*p - 2262. Calculate the highest common factor of m and 527.
17
Let h(c) = -5*c**2 + 183*c - 96. Let d be h(36). What is the highest common divisor of 1626 and d?
6
Let m(g) = -53*g**3 - 3*g**2 - 10*g - 6. Let l be m(-3). What is the highest common divisor of 6 and l?
6
Let w = 125 + 35. Let s = 74 + 9. Let d = w - s. What is the highest common divisor of d and 7?
7
Let n = -597 - -989. What is the highest common factor of n and 40?
8
Let f be 35*(-10)/(-280)*40. Calculate the highest common factor of f and 4600.
50
Let f be 19671/(-15) + 21/15. Let i = f + 2310. Calculate the greatest common divisor of 40 and i.
40
Let m(g) = g**3 - 4*g**2 + 10*g - 20. Let r be m(4). Calculate the highest common divisor of 4820 and r.
20
Let n(z) = -z**3 - 29*z**2 - 20*z - 230. Let q be n(-29). What is the greatest common divisor of 4375 and q?
175
Suppose 0 = -48*n + 46*n - 38. Let i(v) = v**3 + 18*v**2 - 21*v - 31. Let p be i(n). What is the greatest common factor of p and 1?
1
Let t be 2/7 + 1 + 691/7. Let h(z) = 99*z + 499. Let i be h(-5). Calculate the highest common divisor of i and t.
4
Let q = -2022 + 6670. What is the highest common divisor of q and 249?
83
Let s = -997 + 1012. Calculate the highest common divisor of s and 345.
15
Let x be (-16)/(-6)*(0 + 3). Let v(z) = 60*z - 48. Let c be v(2). What is the highest common factor of x and c?
8
Let v be (3 - 1/1)*40800/1600. Calculate the highest common factor of v and 2924.
17
Let k = 7 - -6. Let z = -7039 + 7442. What is the greatest common divisor of k and z?
13
Let f = -17947 - -23337. Calculate the highest common divisor of 330 and f.
110
Let i(q) = 4*q**2 + 2*q - 6. Let f be i(4). Suppose -37*v + 9306 = 10*v. Calculate the greatest common factor of v and f.
66
Suppose 17*l + 3*i + 567 = 18*l, 2323 = 4*l - i. Calculate the highest common divisor of l and 24.
6
Let v = 42072 - 42027. What is the highest common divisor of 1269 and v?
9
Suppose 6 = 2*q, -2*x - q = -0*x - 3. Suppose a + 8*a - 27 = x. Suppose t - 2*t = 5*s - 77, a*t + 57 = 3*s. Calculate the highest common factor of 8 and s.
8
Let z = -25 - -120. Let i be z/38*(-16)/(-2). Suppose -5*r = -5 - 45. Calculate the greatest common divisor of i and r.
10
Let o be -7 + 128/20 - (-678)/5. Suppose 0 = 137*s - o*s - 220. Let y be ((-2)/6)/(1/(-30)). What is the greatest common factor of s and y?
10
Let o be 15/(-75) + (-16)/(-5). Suppose -20 = o*l - 4*v, -3*v + v = l + 20. Let d be l/2 + 5 + 221*1. Calculate the greatest common divisor of 20 and d.
20
Suppose 8 - 56 = -12*b. Suppose 2*m = b*m - 10, 0 = -2*x - 4*m + 28. What is the highest common divisor of x and 20?
4
Let s(c) = -c**3 - 2*c**2 - 6*c + 5. Let b be s(-5). Suppose 2*p + 1144 = 41*p - 13*p. Calculate the highest common factor of b and p.
22
Let k = 20 - 632. Let p = 810 + k. Calculate the greatest common divisor of 18 and p.
18
Suppose 697 + 2063 = 15*i. What is the highest common divisor of 1242 and i?
46
Let t = 199 - 100. Let g be 4 - (-8)/((-24)/t). Let c = g - -82. What is the greatest common divisor of 106 and c?
53
Suppose 2*a = 63 - 25. Let y = 920 - 769. Let v = y - a. What is the greatest common divisor of v and 33?
33
Let z be (-2)/8 - (-1 + 586/(-8)).